3 - 9 - 11)?
-11
Calculate 3 - -5 - (-2 - -6).
4
Evaluate 2 + -1 - 7 - -3.
-3
-10 - (-12 + 3 + -3)
2
What is the value of -12 + (5 - (-7 - -2))?
-2
Evaluate (1 - -3 - 8) + 4.
0
What is -6 + 7 + -5 + 5 + 3?
4
Calculate 4 + 0 + -4 + 0.
0
What is the value of -2 - (2 + -7) - -2?
5
What is the value of (-1 - 15) + (-16 - -6 - -19)?
-7
What is (-6 - -2) + 7 + 1?
4
Calculate (2 - (-9 + (5 - 4))) + -5.
5
What is 2 + -2 + 1 - -3 - 2?
2
Calculate -3 + 6 + -1 + 2.
4
What is (-1 - 5) + 7 + -11 + 4?
-6
-17 + (2 - 5) + 12
-8
Evaluate (-1 - -5) + (-2 - 8 - -3).
-3
What is the value of -9 + (5 - 1) - -8?
3
Evaluate (2 + -4 - 2) + (-14 - -15).
-3
Calculate -2 - -2 - 1 - (13 - 9).
-5
2 - (9 + 3) - -7
-3
-9 - (-7 + (-4 - -9))
-7
Evaluate -4 + -2 - (12 + -7 + -6).
-5
Calculate 1 + (-7 - (-3 + 3 + -4)).
-2
Calculate -2 - (5 + 0 - -1).
-8
What is 2 + -4 - (-8 - -3)?
3
What is the value of 13 - 18 - (-1 - -1)?
-5
What is (6 - (-1 + 3)) + -7 + 5?
2
What is -3 + 3 - -1 - (16 + -13)?
-2
Calculate 1 + (0 - 2) - 0.
-1
Calculate -14 - -16 - (-1 + 3).
0
Evaluate 4 - (-5 - (-9 - (-10 + 5))).
5
Calculate -2 - (7 + (3 - 4 - -1)).
-9
Calculate 1 - (-4 - 4) - 18.
-9
Calculate (3 - 5) + -9 + 5.
-6
8 + (-9 - -6) - 7
-2
Calculate 0 + 3 - (11 - (-7 + 13)).
-2
Evaluate -1 - (1 - (3 + -2)).
-1
What is the value of 1 + 1 - (-5 - -7)?
0
Calculate -2 + -10 + (10 - 0).
-2
What is -16 + (14 - 0) + 11?
9
What is 7 + (-2 - 0 - (4 - 4))?
5
Evaluate 6 + (-4 - -5 - 5).
2
Evaluate (8 - ((0 - -4) + 2)) + -4.
-2
Evaluate (6 - -1 - (-32 - -46)) + 13.
6
(0 - 1) + (8 - 10) + 8
5
-4 + (7 - 3 - 1 - -2)
1
What is 1 + (-6 - (-15 - -9))?
1
(-3 - -6 - -8) + -5 + 1
7
What is ((-2 - 0) + 3 - -3) + -5?
-1
(-4 - (2 + -8)) + 3 + -1
4
What is 5 + -3 + -3 + 0 + 6?
5
What is 0 + (-1 - 2) + 2?
-1
What is the value of 2 - (2 - (-3 + (-4 - -10)))?
3
-5 + 1 + 5 + (0 - 3)
-2
What is 0 + 0 - (4 + (-5 - -3))?
-2
What is 15 + -6 + (-7 - (-6 + -1))?
9
What is -2 + -4 + 9 + -4?
-1
What is -7 + 6 - (-9 - 1) - 4?
5
Evaluate 2 + -1 + (-1 - 1).
-1
What is the value of -2 - 1 - (3 - 7)?
1
Calculate 4 - ((2 - 1) + 1 + 2).
0
Calculate 4 + -2 - (-10 - -17).
-5
What is the value of 4 + 7 + -4 - 4?
3
-5 - ((-15 - 0) + 6)
4
(-3 + 2 - 2) + 7 + -5
-1
Calculate 2 - (-7 - -8) - (-2 - -6).
-3
Evaluate 2 + -1 + -1 + 1.
1
Calculate -7 - (3 + 6 + -22) - 6.
0
What is the value of (22 - 8) + -5 - 6?
3
What is the value of 2 - 2 - (4 + -6)?
2
What is 2 - (2 - 0) - 2?
-2
What is 5 + (2 - 4 - -3) + -2?
4
Evaluate -3 - (-11 - (-10 - -5)).
3
What is -10 + 6 + 8 + -2 + -2?
0
Calculate 1 + -12 + 6 + 2.
-3
What is the value of (-13 - -7 - -7) + -4 + 0?
-3
Calculate -9 - 2 - (-16 + 8 + 4).
-7
What is -2 + (-2 - -1) + 5?
2
What is the value of -24 + 21 - (1 + -8)?
4
Calculate 8 + -12 + -2 + 3 + 1.
-2
Evaluate (2 - 2) + (3 - 5 - 2).
-4
Evaluate (-8 - -10) + -6 + 1 + 2.
-1
Evaluate 5 + (9 - 8) - 12.
-6
Calculate -8 - (-3 - 0) - 0.
-5
Calculate 5 + -15 - -3 - -9.
2
Evaluate (3 - 7) + (5 - (0 + 3)).
-2
Calculate -1 + -3 + -4 + 2 + 2.
-4
Evaluate 4 - 6 - (-1 - 0).
-1
What is -3 + -6 + (11 - -4)?
6
Calculate 6 + (2 - (4 - -2)) + -7.
-5
What is the value of 1 - -3 - ((13 - -5) + -16)?
2
(13 - (19 - 8)) + -5
-3
Calculate -13 - -8 - -9 - -1.
5
What is 0 + 8 + (-6 - -1)?
3
6 + (1 - (7 + 1))
-1
Evaluate 4 + (-4 - 0) - -3.
3
Evaluate -2 + 10 + 2 + -10.
0
-1 + 0 + (-11 - -17)
5
(32 - 21) + -7 + -2
2
(-6 - -13) + (-1 + 1 - 2)
5
Evaluate (-10 - -7) + 6 - (0 - 1).
4
What is the value of -4 + (10 + -3 - 3)?
0
-4 + 10 - 12 - -1
-5
What is 2 + -1 + (-4 - (-2 - -3))?
-4
10 - (-2 - (8 - 12))
8
Evaluate 5 + (-18 - -6) + 7.
0
2 + (-14 - -21) + (0 - 3)
6
Calculate -2 + -2 + (2 - -4) - 6.
-4
Calculate 7 + -6 + (-3 - 1).
-3
-34 + 21 + 0 + 19
6
What is the value of 9 + 4 + (-6 - 1)?
6
Evaluate -4 + 10 - 6 - (-1 - 5).
6
What is the value of 0 + (-4 - -1) + 5?
2
Calculate 2 + (1 - (0 - 2)).
5
Evaluate -31 + 26 + (1 - -1).
-3
What is the value of 4 - (5 + -7 + 7)?
-1
-3 + 3 + 0 + -5 + 3
-2
What is (3 + -4 - -2) + -1?
0
Calculate 2 + -3 - (0 + 3).
-4
What is (-20 - -10) + (7 - 2)?
-5
What is 3 + -4 + -4 - -5?
0
What is -5 + -7 + 2 + -13 + 18?
-5
Calculate -3 - (13 + -19 - -14).
-11
Evaluate (-22 - -2) + (11 - -2).
-7
Calculate 4 + 0 + -1 - (2 - 2).
3
Calculate -4 + (4 - -1) - (7 + -2).
-4
What is -1 - -8 - (12 + -20 + 9)?
6
What is (-2 + 5 - 10) + 3 + -1?
-5
Calculate -5 + -5 + (-3 - -4).
-9
Evaluate -8 - (13 + -5 + -15).
-1
What is -4 - (2 - (-4 + 5))?
-5
What is the value of 0 - -6 - (-26 - -26)?
6
-5 + (1 - (-4 - (-3 - -5)))
2
-10 - -10 - -1 - 1
0
4 - (2 + (0 - 4) + 3)
3
What is 0 + -1 + 5 + -2?
2
What is (0 + -2 - (-6 + 7)) + 0?
-3
Calculate 4 - (2 - (-2 - -3)).
3
-3 + -2 + 0 + 7 + 1
3
What is the value of 70 - 79 - (2 + -2)?
-9
-7 + -2 + 6 + 8
5
Evaluate 4 + 0 + 0 + (11 - 9).
6
7 + -4 + -2 - (-2 + -2)
5
Evaluate 4 + 7 + -14 + 9.
6
Calculate 0 + 3 + (-5 - -1) + -1.
-2
Calculate 0 + ((-2 - 3) + 9 - 7).
-3
What is 0 - 4 - (-13 - -7)?
2
What is the value of (-2 - -3) + 3 + -9?
-5
What is the value of 4 - (-7 - -1 - (2 + -9))?
3
2 - ((-2 - -2) + 1) - -3
4
Evaluate -2 + (2 + 6 - 4).
2
Calculate -3 - (-7 + 6 - 1).
-1
What is the value of 1 + (-5 + -4 - -5)?
-3
Evaluate -3 + -5 + (11 - 7).
-4
-1 + 6 + 2 - 5
2
Evaluate -13 + 8 - (-4 + 0).
-1
Evaluate (1 - -7 - -1) + -6.
3
What is the value of (-1 - 2) + 19 + -14?
2
Calculate -2 - (-10 + (2 - -3 - -2)).
1
What is 0 + (-4 - -1) - (3 - 2)?
-4
Calculate (0 - -4 - 7) + -1 + 0.
-4
What is -8 + (3 - (3 - (0 - -3)))?
-5
What is 5 + -8 - 5 - (16 - 16)?
-8
What is -61 + 72 - (1 - -6)?
4
5 + -1 + 1 - (10 - 6)
1
Evaluate -3 + 6 + -8 - -1.
-4
What is (-1 - 2) + (7 - -2 - 1)?
5
What is 0 + 3 + -2 + 1 + -4?
-2
What is the value of 3 - 1 - (-1 - -3) - 9?
-9
What is (4 - (12 - -11)) + 11?
-8
(10 - 0) + (-5 - 0)
5
What is the value of 0 + -8 + 8 + (0 - -1)?
1
What is 1 - -2 - (79 - 68)?
-8
Evaluate 3 + -3 + -3 + -1 + -1.
-5
3 + 0 - -4 - (3 + 3)
1
Evaluate -19 + 14 - -9 - -3.
7
(5 + -10 - (1 - 9)) + 5
8
What is -5 + (-4 - 1) + 8 + -3?
-5
7 + (3 - 7) - 6
-3
What is the value of (3 + 0 - 9 - 1) + 5?
-2
What is -3 - (7 + -6) - -3?
-1
Calculate 2 + (-8 + 4 - 0 - 2).
-4
What is 8 + (1 - -7) + -8 - 7?
1
-3 - 1 - (-5 - -1)
0
What is -1 + -5 + 7 - (0 - 0)?
1
11 + 0 - (72 + -62)
1
Evaluate 50 + -37 + -2 + -21.
-10
-3 + (-15 - -16) - (-7 + -1)
6
What is the value of (22 + 0 - 2) + -11?
9
What is (4 - -8) + -7 - 3?
2
Evaluate 2 - 1 - (-1 - 1 - -8).
-5
Evaluate (-10 - -11) + -10 - (-1 - 2).
-6
What is 8 + (0 + 4 - (0 - -7))?
5
-3 + (3 - 2) - (5 + -2)
-5
What is 11 - (-1 + 6) - 5?
1
(7 - -1) + (-3 - (9 - 9))
5
What is the value of -18 - (-10 + (1 - 4))?
-5
What is the value of 0 - -6 - (4 + 2)?
0
What is -2 + (4 - -3 - -5) + -4?
6
What is -6 + 3 + 3 + -6?
-6
Calculate -4 + 2 - (7 - 4).
-5
Evaluate (-4 - (-7 + -2)) + -1.
4
1 + 4 + 0 + (77 - 84)
-2
Calculate -2 - (-11 - -9 - (1 + -1)).
0
Evaluate 0 - -7 - (-10 + (0 - -20)).
-3
What is the value of -3 - (-1 + -2 + 1)?
-1
Evaluate -2 + (2 + -2 - (-1 + 2)).
-3
Calculate (-8 - -5) + (5 - -2).
4
Calculate 2 - (-9 + 5 + 7).
-1
Evaluate 13 + (2 + 0 - 6).
9
Calculate 1 + 2 - (10 + -10).
3
(1 - (16 - 6)) + 7
-2
What is -4 - (4 - 17) - 0?
9
What is the value of (2 + 0 - 1) + 3 + -3?
1
Calculate 4 - ((-2 - 2 - -3) + 5).
0
25 - 21 - (-1 - -2)
3
-4 + 4 - -7 - -2
9
Evaluate 13 + -12 + -11 - -8.
-2
-8 + (-4 - (-13 - -4))
-3
What is the value of 1 + (5 - 10) - (-1 - -1)?
-4
Evaluate -19 + 14 - (0 - 2).
-3
What is (4 - (-4 - (-8 - -3))) + -5?
-2
Calculate 5 + -2 + -2 + -5 + -1.
-5
Calculate 13 + (-26 - -7) + -1.
-7
What is the value of -1 + -2 - -3 - (-1 + -2)?
3
4 - (-6 + 0 + 8) - -6
8
What is 1 - -7 - (19 + -6)?
-5
Calculate -1 + (-7 - (2 + -5)).
-5
What is the value of -8 + 2 + -8 + 15?
1
What is -4 - 1 - (-10 + 6)?
-1
Calculate -11 + 13 - (3 - 0).
-1
What is the value of 0 + 6 - (33 + -32)?
5
What is the value of (-11 - -1 - -4) + 1?
-5
What is 20 + -12 + -28 + 12?
-8
Calculate 1 + -3 + -3 + -1 - -2.
-4
Calculate 3 + 1 + (2 + 3 - 12).
-3
What is -3 - (-4 - -5) - -7?
3
What is -1 + 4 - (1 + 7)?
-5
Evaluate -2 - -5 - 2 - 7.
-6
What is -4 - (5 + (-3 - 10))?
4
Calculate 0 + 1 + 4 + (87 - 87).
5
2 - (-2 - -4 - 0)
0
Calculate -4 - (1 - -2) - (-3 + -1).
-3
What is -17 + 19 + -7 + -1 + 0?
-6
Evaluate -1 + (0 - -4) + 1.
4
What is the va